 + 4. Let x(b) = 3*d(b) + q(b). Let p be 9/(-3 - 0) - 2. Give x(p).
-18
Let j(q) be the first derivative of q**7/840 + q**6/45 - q**5/60 + q**4/12 - 7*q**3/3 + 96. Let x(p) be the third derivative of j(p). Give x(-8).
18
Suppose 4*c + 7*h - 2*h = 18, 0 = -c + 3*h - 4. Let x(u) = u**3 - 134*u + 137*u + 6 - c*u**3 - 5*u**2. Suppose w - 26 = 5*l, 4*l - l + 14 = -w. Calculate x(l).
-9
Let s(m) = 0 + 2 - 29*m**2 + 2*m + 35*m**2 - 6*m**2 - 4*m**2. Determine s(-1).
-4
Let u = 2 - 0. Let y(k) = 4*k - 7. Let f(z) = 7*z - 13. Let h be 10*(-3 + 2)*(-1)/(-2). Let g(w) = h*y(w) + 3*f(w). Calculate g(u).
-2
Let v = -32283 + 32293. Let f(a) = 2*a**2 - 33*a + 141. Calculate f(v).
11
Let l = 9999 + -10010. Let c(d) = -17*d - 188. What is c(l)?
-1
Let t(l) = 26*l**2 + 82*l + 3. Let z be t(-3). Let f(n) be the second derivative of n**5/20 + 2*n**4/3 - 3*n**3/2 - 5*n**2/2 - 13*n. Determine f(z).
-5
Let z(m) = -10*m + m - 17 + 5*m + 2*m. Determine z(-6).
-5
Let j = -27 + 45. Suppose -7*b = -4*b - j. Let l(a) = -a**2 + 10*a + 13. Let v(u) = -2*u**2 + 19*u + 25. Let g(m) = -11*l(m) + 6*v(m). Determine g(b).
-5
Let v be ((-22)/3)/((442/(-51))/(-13)). Let l(t) = 7*t + 50. Give l(v).
-27
Let w(k) = 2*k**2 - 39*k + 79. Let n = 11871 - 11854. What is w(n)?
-6
Let x(o) be the third derivative of o**6/120 - 2*o**5/15 + 3*o**4/8 - 2*o**3/3 - 2*o**2 - o - 17. Give x(6).
-22
Suppose 76 = -7*j + 1273. Let m be j/(-190) - (1/10 + 0). Let o(c) be the third derivative of -3*c**6/40 - c**5/60 - c**4/12 - c**3/6 - 2*c**2. Determine o(m).
9
Let o = 256 + -227. Suppose -14*k + 15*k = -5*m - 1, -m - o = 5*k. Let j(w) = -2*w - 2. Determine j(k).
10
Let u(b) be the third derivative of b**6/120 + 2*b**5/15 - 3*b**4/8 - b**3/6 + 3*b**2 - 34*b - 5. Calculate u(-7).
111
Let q be 0 + 5 + -2 + -4. Let o(m) be the first derivative of 1/2*m**2 + 0*m**3 + m - 24 - 9/4*m**4. Give o(q).
9
Let b(t) = -t**3 - 9*t**2 + 9*t + 3. Let k(x) = -x**3 + 12*x**2 - 10. Let f be 16 + (16/20)/((-4)/20). Let h be k(f). Calculate b(h).
13
Let h(n) = 9*n**2 - 22*n - 3. Suppose -3*c + 0*c + 12 = 0. Let k(f) = 11*f + 1 - 1 - 2 - c*f**2 + 4. Let x(q) = -3*h(q) - 7*k(q). Calculate x(11).
-5
Let y(i) = 14*i**3 - i**2 - i + 1. Suppose 4*p - 20 = 2*x, -2*x + 2 + 14 = 5*p. Suppose p*a - 15 = -11. Give y(a).
13
Let g(k) = k**2 + 7*k + 7. Suppose -m - 4*m = 0. Suppose 8*l + 12 = 38*l + 42. Let a be 0 + 0 + 6*(l - m). Give g(a).
1
Let u(r) = 104*r**3 - 2*r**2 + 1. Suppose 5*i - f + 12 = 0, -364*i = -360*i - f + 11. Give u(i).
-105
Let x(y) = -y**2 - 2*y. Let f be 4 + 1 - (133 + -132). Let c(h) = -h. Let b be c(4). Let t be (-10)/40 + (-9)/b - f. What is x(t)?
0
Let z(w) = -5*w - 6*w + 3 + 2*w. Let p(t) = -71 + 24 + 25 + 23. Let n(m) = -6*p(m) + z(m). Determine n(-3).
24
Let o be -1 - -1 - 3/(9/6). Let u(a) be the third derivative of -5*a**4/24 - 7*a**3/6 + 2744*a**2. Give u(o).
3
Let i(b) = -b**2 - 14*b - 20. Let d be i(-8). Let j(a) = -151 + 151 + a + d*a. Calculate j(1).
29
Let w(g) be the first derivative of g**4/4 - 5*g**3 - 33*g**2/2 - g - 2007. Calculate w(17).
16
Let c be (10/(-16)*(-26 + 28))/(-5). Let d(h) be the third derivative of -3/20*h**5 - 2*h**2 + 0*h - c*h**4 - 1/120*h**6 + 0 + 3/2*h**3. Give d(-8).
-7
Let x(s) = 2*s - 2*s**2 + s**2 - s**2 + 6*s - 2. Calculate x(7).
-44
Let q(p) be the second derivative of p**6/720 - p**5/20 - 5*p**4/6 - p + 48. Let y(r) be the third derivative of q(r). What is y(6)?
0
Suppose 4*l + 21 - 9 = 0. Let j(h) be the first derivative of 1/4*h**4 + 4/3*h**3 + 0*h**2 - 19 - 4*h. Determine j(l).
5
Suppose 66*d - 33*d - 23133 = 0. Let m(o) = 2*o - 1397*o**2 + d*o**2 + 697*o**2. Suppose 0*v = 5*v + 5. What is m(v)?
-1
Let c = -104 + 101. Let d = 41 - c. Let t(m) = -1 + 38*m - 68*m + d*m. Give t(-1).
-15
Let x(o) = -2. Let z(m) = 11*m + 2. Let h(p) = -2*x(p) - z(p). Let q be h(0). Suppose 0 = -3*d - q - 25. Let l(u) = -u**3 - 9*u**2 + u + 4. Determine l(d).
-5
Let o(l) = 7*l - 4. Suppose -4*h - 8*i + 11*i = 2, -15 = -5*h - 5*i. Give o(h).
3
Let i = 32 - 27. Let y be ((-9)/15 - (-3)/i) + 4. Suppose y = 4*l + 3*h + 3, -l = -2*h + 8. Let w(r) = -r**3 - 4*r**2 - 3*r - 2. What is w(l)?
-4
Let k(a) = 4*a**3 + 147*a**2 - 38*a - 40. Let h be k(-37). Let t(p) = -8*p - 11. Calculate t(h).
13
Let s(y) be the second derivative of 2*y**6/45 + y**5/120 + y**4/6 + 37*y**2 - 7*y - 3. Let o(a) be the third derivative of s(a). Give o(-1).
-31
Suppose 8*n + 38 = -2*c, n = -401*c + 402*c + 14. Let i(x) be the first derivative of 4*x**3/3 - x**2/2 - 1. Determine i(n).
5
Let q(w) be the first derivative of -106 + 10*w - 9/2*w**2 + 1/3*w**3. Give q(8).
2
Let s(q) = 14*q**2 + 108*q + 4. Let i(a) = 5*a**2 + 39*a + 2. Let n(y) = 17*i(y) - 6*s(y). Determine n(-15).
10
Let q(r) = -5*r - 40. Suppose -2*y = -t + 3, 3*t = 65*y - 60*y + 12. Let o(u) = -43*u + 378. Let a be o(t). What is q(a)?
5
Let r = -2 - -2. Suppose 35*k - 578 + 18 = r. Let l(h) = -h**2 + 16*h + 3. Determine l(k).
3
Let w(m) = -13*m**3 + 20*m**2 + 34*m + 133. Let h(r) = -7*r**3 + 10*r**2 + 18*r + 67. Let k(d) = -11*h(d) + 6*w(d). Determine k(11).
6
Let l(p) be the third derivative of -11*p**4/12 + 109*p**3/6 + p**2 - 22*p - 34. Give l(6).
-23
Let i be (-96)/72 - 28/(-3). Suppose 12*l = i*l + 24. Let x(z) = 3*z + 0*z**3 + 7*z**3 - 3*z**2 - 6*z**3 - 4 - l*z. Calculate x(4).
0
Let k be (0 - -1) + 1 - (-5 - -47). Let x be k/(-100) + 3/5. Let a(s) = -2*s**2 - s + 1. Calculate a(x).
-2
Let p = 2944 + -2950. Let r(w) = -2*w - w - 89 + 87. Calculate r(p).
16
Let n(y) be the third derivative of 0 - 48*y**2 - 1/24*y**4 - 2*y + 0*y**3. Suppose 4*u - 15 = 13. Calculate n(u).
-7
Let w(v) be the second derivative of v**3/6 + 15*v**2/2 + 10467*v. Determine w(7).
22
Let m(h) be the third derivative of -h**5/30 + h**4/12 + 3*h**3/2 - 12*h**2 - 2*h - 28. What is m(-2)?
-3
Let h be ((-14)/(-14))/((-7)/(-10) - (-8)/(-16)). Let u(s) = 4*s**2 - 19*s + 15. Give u(h).
20
Let z(m) be the second derivative of 3/2*m**2 + 38*m + 1/20*m**5 + 1/2*m**3 + 1/6*m**4 + 0. What is z(-2)?
-3
Suppose 3*b = -3*f + 15, -2*f - 5*b + 43 = 21. Let q(k) = -30*k + 2. What is q(f)?
-28
Let u be ((1 + -1)/(-3))/1. Suppose m - 44 = n + 3*m, u = n + m + 40. Let c = -42 - n. Let h(i) = i**2 + 5*i - 6. Determine h(c).
0
Let f(r) = -17 + 12 + 37*r + 25*r**3 + 11 - 9*r**2 - 26*r**3 + 7. Determine f(-12).
1
Let q(p) = 2*p**2 + 2*p + 19. Let g be q(0). Let s(j) = j**3 - 20*j**2 + 14*j - 8. Determine s(g).
-103
Let k(l) = l**2 + 4*l + 7. Let w = 375 - 372. Suppose 3*v - u + 19 = 0, -4 = 4*v + w*u + u. Calculate k(v).
12
Let r(c) = -7 + 5*c**2 + c**3 - 3287*c - 2*c**3 + 3294*c. Let k = 25 + -36. Let i be 0 - k/(22/12). Give r(i).
-1
Let j be 6/21 - (0 - 480/(-14)). Let b = j - -36. Let z(c) = c - 4*c - b - 1 + 0*c. Calculate z(-4).
9
Let a be 192/112*(-42)/(-4). Let x be ((-36)/(-30))/(a/(-60)). Let m(q) = -q - 1. What is m(x)?
3
Let d(p) be the second derivative of -7/12*p**4 - 14*p - 1/3*p**3 - 1 - p**2. What is d(-2)?
-26
Let x be (-238)/15 - 2/15. Let j(d) be the first derivative of -d**2/2 - 13*d - 303. Determine j(x).
3
Let b(x) be the first derivative of -16*x**2 - 5*x + 1407. Give b(-2).
59
Let i(p) be the first derivative of 3/4*p**4 + 32 + 0*p**3 + 0*p - 1/2*p**2. Let x = 19 - 18. Determine i(x).
2
Let l(k) = -10*k + 251. Let s be l(16). Let y(c) = 5*c + 9 - s*c**2 - c**3 + 186*c**2 + 2*c**3 - 87*c**2 + 5*c. Calculate y(-7).
-12
Let y be (-1 - 6)*24/(-84). Let p(s) = -3 + 2*s - y*s**2 + 10*s**2 - 6*s**2 + 5. Calculate p(-3).
14
Let m(n) = -2*n - 28089 + 14033 + 14041 + 2*n - n. Suppose a - 5*a + s - 40 = 0, 5*a = -3*s - 50. Calculate m(a).
-5
Let r(k) = 2*k - 37. Let v be r(15). Let w(n) be the first derivative of n**4/4 + 7*n**3/3 + n**2/2 + 9*n + 848. Determine w(v).
2
Let s be 6 - (6 - 9 - -3). Let y(c) = -7*c + 6. Let n(x) = 6*x - 5. Let q(v) = -6*n(v) - 5*y(v). Calculate q(s).
-6
Let o(c) = -c**3 - 5*c**2 + 38*c + 25. Let b(f) = 304*f + 2423. Let y be b(-8). Calculate o(y).
7
Let d(h) = -h**3 - 12*h**2 - 3*h - 17. Let n(i) = -i**2 - 27*i - 150. Let l be n(-19). Suppose -4*a + l*z - 44 = 0, -a - 18 = 4*z - z. Determine d(a).
19
Let p(l) = 2*l + 8. Let x = -2 + -5. Let a = -4 - x. Suppose a*g + 2*b + 22 = -0*g, 4*g - b = -33. What is p(g)?
-8
Suppose 6*v - 4*v - 2 = 0. Let j be (1 - -1) 